 = 0, 0 = 2*u - 2*h - 120. What is the tens digit of u?
5
Suppose -3*b - n = -2845 - 878, 1245 = b - n. What is the thousands digit of b?
1
Suppose f + 0*f = 0. Suppose w = 2*z + 3, 3*z + f*w + 12 = 3*w. Suppose b - 18 = z. What is the tens digit of b?
1
Let j(f) = -174*f**3 + 2*f**2 - f. Let a be j(1). Let m = 264 + a. What is the tens digit of m?
9
Let a = 78 + -53. Let w = a + 16. What is the units digit of w?
1
Suppose 0 = -2*z + v + 553, -2*z - v = -0*v - 547. What is the units digit of z?
5
Let z = 544 - -591. What is the thousands digit of z?
1
Let y(k) = -k**2 + 4*k - 3. Let n be y(3). Suppose 5*b - 52 - 28 = n. Let a = -5 + b. What is the units digit of a?
1
Let l(y) be the second derivative of 47*y**4/12 - y**2/2 + 12*y. What is the units digit of l(-1)?
6
Let c = -10 - -8. What is the tens digit of (3 - (-378)/8)/(c/(-8))?
0
Let i(y) be the second derivative of y**3 + y**2/2 - 17*y. What is the units digit of i(5)?
1
Suppose 18*j = 15*j. Let l be (j/(-2))/(-4 - -2). What is the units digit of (0 - 2) + 42 + l?
0
Let r(d) = -2*d**2 + 3*d - 3. Suppose 0 = -3*i - 1 + 10. Let n be r(i). Let g = n - -28. What is the tens digit of g?
1
Suppose -44 = -4*g + 4*t, -4*g + 45 = -7*t + 2*t. Suppose z = 17 + g. What is the tens digit of z?
2
Let l(i) = 28*i**2 + 3*i - 2. Suppose 0 = -r - 7 + 2, -2*a - 4*r - 18 = 0. What is the units digit of l(a)?
9
Suppose 2*d - 3*d = -34. Let c be 2/3 + (-156)/(-9). Let w = d - c. What is the units digit of w?
6
Suppose -4*q - 24 = z - 81, -4*q + 2*z + 54 = 0. What is the units digit of q?
4
Suppose -u - 5*j + 272 = 0, -2*j + 1093 = 3*u + 303. What is the hundreds digit of u?
2
Let v(u) = 2*u**2 + 9*u - 12. Suppose -2*l + 3 = -5. Suppose 3*r + l*k + 28 = 0, 3*k + 12 = -2*r - 7. What is the tens digit of v(r)?
4
Let b(i) = 41*i. Let w be b(-1). Suppose 5*x - 122 = 198. Let s = x + w. What is the units digit of s?
3
What is the hundreds digit of 67114/(-92)*((-3 - -2) + -1)?
4
Let b = 63 - 39. Suppose -2*u = 3*u - 20. Suppose 0 = -4*a + h + b, 0*h = -5*a + u*h + 41. What is the units digit of a?
5
Suppose 5*o - 7695 = 4*s - 1680, -5*s - 1203 = -o. What is the thousands digit of o?
1
Suppose 0 = -3*j + j + 22. Let z(d) = -12*d**2 + 13*d**3 - 12*d**3 - 9 - j*d + 26*d. What is the units digit of z(11)?
5
Let t = -40 + -1. Let v = t - -61. What is the units digit of v?
0
Let m(f) = f. Let b(z) = 10*z + 2. Let v(g) = -b(g) + 6*m(g). What is the units digit of v(-25)?
8
Suppose -2*o + 2182 = 4*f, -16*f - 5*o = -14*f - 1095. What is the tens digit of f?
4
Suppose 21*j = 22650 + 5847. What is the thousands digit of j?
1
Let q be (1 - 0) + (-5)/(-5). Suppose -c = -q*c - 28. Let t = c + 47. What is the units digit of t?
9
What is the hundreds digit of ((-798)/49)/((-4)/84)?
3
Let k be (-4 - 2)*(-2)/3. Suppose 103 = 4*j + 5*s - 122, 4*s = k. What is the tens digit of j?
5
Let f = 2 - -4. Suppose f*l + 46 = 4*l. Let m = l + 42. What is the tens digit of m?
1
Suppose 0*m - 3*m = -2*b + 2, -b = 4*m + 10. What is the units digit of (-27)/(-72)*(-16)/b?
3
Suppose -17*a - 9 = -20*a. Suppose 5*m + 3*b - a = 272, 3*m - 159 = -3*b. What is the tens digit of m?
5
What is the tens digit of (-10)/15*(-510)/4?
8
Let l(k) = -51*k + 4. Let q(m) = 26*m - 2. Let t(c) = 2*l(c) + 5*q(c). What is the hundreds digit of t(4)?
1
Let q(v) = 72*v**2 + 194*v + 9. What is the hundreds digit of q(-9)?
0
Let j = -21 + -1. Suppose 5*b = o - 17, 3*o - 4*b - 9 = 75. Let h = j + o. What is the units digit of h?
0
Suppose 4*n + 23 - 3 = 0, 0 = 5*t - n - 10140. What is the units digit of t?
7
Let p = 121 - 113. Suppose 77 + 107 = p*q. What is the units digit of q?
3
Let d(r) = r + 211. Let k be d(0). Let g(b) = k + 8*b + 10*b - 215. What is the tens digit of g(4)?
6
Let h = 5831 - 2922. What is the thousands digit of h?
2
Let u = -21 + 12. What is the tens digit of 2/u - 695/(-9)?
7
Suppose 5*k + 15 = 5*l, -11 - 1 = -5*k - 4*l. Suppose k = 3*q + 2*t - 86, -7*q + 4*q - t = -88. What is the units digit of q?
0
Let x(y) = y**3 + 4*y**2 + 4*y + 4. Let w be x(-3). Let n be 0/((-3)/w - -1). Suppose 5*q - 76 = c - 6, n = 2*c. What is the units digit of q?
4
Suppose 2 = -2*m + m. Let w be (m/4)/((-3)/(-84)). Let l = -11 - w. What is the units digit of l?
3
Suppose 14*d + 66 - 416 = 0. What is the units digit of d?
5
Let m(y) = 23*y - 36. Let b be m(12). Let z(q) = q**2 - 5*q + 7. Let i be z(5). Suppose -i*n + n = -b. What is the units digit of n?
0
Let b(f) = -f**3 + f**2 - 2*f - 13. Let q(a) = a**3 - 2*a**2 + 2*a + 14. Let n(t) = 5*b(t) + 4*q(t). What is the tens digit of n(-7)?
0
Let a(n) = n**3 + 6*n**2 + 5. Let t be a(-6). Suppose -96 = -3*c + t*c. What is the units digit of (-2)/6 + (-2464)/c?
1
Let b(v) be the first derivative of v**3 - 15*v**2/2 + 8*v - 13. What is the tens digit of b(7)?
5
Let z be (-4)/12*3*120. Let c be (-11)/((-33)/z) + 2. Let i = -26 - c. What is the tens digit of i?
1
Suppose 3*g = -3*t + 1599, -3*t = -3*g + 2 - 1571. What is the units digit of t?
8
Suppose -5*h - 7 = -17. What is the units digit of (-6)/(h + 39/(-18))?
6
Let q(c) = -c**3 + 18*c**2 - 17*c + 2. Let k be q(17). Suppose 5*b = k*s - 169, 441 = 5*s - b - 16. What is the tens digit of s?
9
What is the thousands digit of (17 + -15 + -4)/((-4)/3930)?
1
Let f(r) = 5*r**3 - 9*r**2 - 6*r - 5. What is the units digit of f(7)?
7
Let v(y) = -2*y**3 + 19*y**2 + 11*y - 23. Let w be v(10). Let f = w + 240. What is the tens digit of f?
2
Let j be -8 + 19 + (-1 - 0 - 1). Suppose -10*i + j*i + 109 = 0. What is the hundreds digit of i?
1
Let o = -7 - -1064. What is the thousands digit of o?
1
Suppose -3*j - 271 = -4*j + 3*g, 2*j + 3*g - 533 = 0. What is the hundreds digit of j?
2
Suppose 3*c = 5*c - 6. Let v be (-16 - 2)/3 + c. What is the tens digit of ((-30)/4)/(v/6)?
1
Let p(h) = h**3 - 2*h**2 - h - 1. Let d be p(3). Let r = -7 - d. Let o(l) = -l**3 - 12*l**2 + 7. What is the units digit of o(r)?
7
What is the hundreds digit of (-35)/(-25) + (-280812)/(-70)?
0
Let o = -101 + 153. Let t = o - 21. What is the tens digit of t?
3
Let q(i) = 31*i**2 + 20*i + 33. What is the units digit of q(-8)?
7
Suppose -15*p - 248285 = -100*p. What is the hundreds digit of p?
9
What is the units digit of 1/(714/1372 + (-1)/2)?
9
Let o(v) = v**3 - 9*v**2 - 11*v + 8. Let n be o(10). Let f be 1 - -1 - (-68)/2. What is the tens digit of 3 + f + (-1 - n)?
4
Suppose -5*p + 4*f - 15 = 0, 6*f - 22 = -2*p + 2*f. What is the units digit of 3 + ((-340)/(-4) - 2/p)?
6
Let r be (3 + 1285/10)*-2. Let w = -133 - r. What is the tens digit of w?
3
Suppose 0 = -4*y - 3*z + 120, 34 + 86 = 4*y + 5*z. Suppose 8*c + y = 3*c. What is the units digit of 2 - (-4)/c*-6?
6
Let p be (-1)/(-2)*-6 - -5. What is the units digit of 177/6*p - 3?
6
Let k(v) = -77*v + 213. What is the thousands digit of k(-16)?
1
Let k(i) = i**2 - i - 10. Let z be k(7). Let x = z - 32. Suppose -4*w + 301 - 113 = x. What is the units digit of w?
7
Let n(r) = -r + 7. Let a be n(-14). What is the units digit of (-5)/((-45)/21)*a?
9
Let n(w) = 5 + 5 - 22*w + 9 - 23. What is the tens digit of n(-3)?
6
Suppose 0*r + 10*r - 140 = 0. Suppose -128 = 10*x - r*x. What is the units digit of x?
2
Suppose 2 = -10*r + 1142. What is the units digit of r?
4
Let l(s) = -2*s**3 + 19*s**2 + 10*s + 3. Let a be l(10). Suppose -2*n - 170 = -z, -342 = -a*z + 2*n + 156. What is the tens digit of z?
6
Let d(k) = 148*k - 66. What is the tens digit of d(4)?
2
Suppose -2*u = -d - 763 + 80, -u = 5*d - 325. Suppose -31*y + u = -27*y. What is the tens digit of y?
8
Let p be 21/9 + (-2)/6. Let s(g) = -3*g**2 + 2*g + 6*g**p + 1 + 0*g**2 - g**2 - 12*g**3. What is the units digit of s(-1)?
3
Let f(y) = -27*y + 11. Let n be -1*(10/(-2) - -10). What is the tens digit of f(n)?
4
Suppose -j = -5*r + 374, -r = -0*r + 3*j - 62. Suppose 204 = 5*c + r. What is the units digit of c?
6
Suppose -7668 - 1768 = -7*p. What is the tens digit of p?
4
Let q(k) = 2*k**2 - k - 1. Let s be q(-1). Let f = s + 4. Let x = 24 - f. What is the tens digit of x?
1
Let g(c) = c**3 - 21*c**2 - 13*c + 126. What is the hundreds digit of g(23)?
8
Suppose 5*n - 3*a - 28382 + 8963 = 0, 0 = -n - 4*a + 3893. What is the units digit of n?
5
Suppose -4*r + 981 + 210 = 3*c, c = -r + 396. What is the tens digit of c?
9
Let j(